06.
2, 653
List the prime factors of 1893.
3, 631
What are the prime factors of 11785?
5, 2357
What are the prime factors of 187?
11, 17
What are the prime factors of 3181?
3181
List the prime factors of 603.
3, 67
What are the prime factors of 5103?
3, 7
What are the prime factors of 2172?
2, 3, 181
What are the prime factors of 18964?
2, 11, 431
List the prime factors of 5730.
2, 3, 5, 191
What are the prime factors of 16893?
3, 1877
List the prime factors of 7073.
11, 643
List the prime factors of 1369.
37
List the prime factors of 587.
587
List the prime factors of 29568.
2, 3, 7, 11
What are the prime factors of 32725?
5, 7, 11, 17
List the prime factors of 1990.
2, 5, 199
What are the prime factors of 1667?
1667
List the prime factors of 2151.
3, 239
List the prime factors of 8463.
3, 7, 13, 31
List the prime factors of 665.
5, 7, 19
List the prime factors of 897.
3, 13, 23
List the prime factors of 2364.
2, 3, 197
What are the prime factors of 378?
2, 3, 7
List the prime factors of 32790.
2, 3, 5, 1093
What are the prime factors of 3989?
3989
List the prime factors of 3976.
2, 7, 71
What are the prime factors of 54150?
2, 3, 5, 19
List the prime factors of 2305.
5, 461
List the prime factors of 1057.
7, 151
List the prime factors of 1289.
1289
What are the prime factors of 680?
2, 5, 17
List the prime factors of 41715.
3, 5, 103
List the prime factors of 1030.
2, 5, 103
List the prime factors of 65776.
2, 4111
What are the prime factors of 15932?
2, 7, 569
What are the prime factors of 25577?
25577
List the prime factors of 2439.
3, 271
What are the prime factors of 14702?
2, 7351
List the prime factors of 1216.
2, 19
What are the prime factors of 81547?
81547
What are the prime factors of 4907?
7, 701
What are the prime factors of 3577?
7, 73
List the prime factors of 2824.
2, 353
List the prime factors of 3669.
3, 1223
List the prime factors of 637.
7, 13
List the prime factors of 131399.
23, 29, 197
What are the prime factors of 39675?
3, 5, 23
List the prime factors of 14254.
2, 7127
What are the prime factors of 1515?
3, 5, 101
What are the prime factors of 7187?
7187
What are the prime factors of 60294?
2, 3, 13, 773
List the prime factors of 2086.
2, 7, 149
List the prime factors of 2973.
3, 991
What are the prime factors of 14589?
3, 1621
What are the prime factors of 531?
3, 59
List the prime factors of 10.
2, 5
What are the prime factors of 134665?
5, 23, 1171
What are the prime factors of 3892?
2, 7, 139
List the prime factors of 808.
2, 101
What are the prime factors of 62?
2, 31
List the prime factors of 8027.
23, 349
List the prime factors of 20103.
3, 6701
What are the prime factors of 5003?
5003
What are the prime factors of 11798?
2, 17, 347
What are the prime factors of 160023?
3, 41, 1301
What are the prime factors of 1860?
2, 3, 5, 31
List the prime factors of 527.
17, 31
What are the prime factors of 19427?
19427
What are the prime factors of 12304?
2, 769
List the prime factors of 31980.
2, 3, 5, 13, 41
List the prime factors of 3773.
7, 11
What are the prime factors of 28239?
3, 9413
What are the prime factors of 59293?
13, 4561
What are the prime factors of 3949?
11, 359
List the prime factors of 47274.
2, 3, 7879
List the prime factors of 34256.
2, 2141
List the prime factors of 6084.
2, 3, 13
What are the prime factors of 1350?
2, 3, 5
What are the prime factors of 4860?
2, 3, 5
What are the prime factors of 41182?
2, 59, 349
List the prime factors of 222.
2, 3, 37
List the prime factors of 27439.
23, 1193
What are the prime factors of 41123?
17, 41, 59
List the prime factors of 51468.
2, 3, 4289
List the prime factors of 3743.
19, 197
List the prime factors of 36396.
2, 3, 337
What are the prime factors of 2423?
2423
What are the prime factors of 3467?
3467
What are the prime factors of 22403?
43, 521
List the prime factors of 3936.
2, 3, 41
What are the prime factors of 13508?
2, 11, 307
What are the prime factors of 651?
3, 7, 31
What are the prime factors of 30973?
47, 659
What are the prime factors of 6655?
5, 11
What are the prime factors of 103?
103
What are the prime factors of 20453?
113, 181
What are the prime factors of 11405?
5, 2281
List the prime factors of 1248.
2, 3, 13
What are the prime factors of 13050?
2, 3, 5, 29
What are the prime factors of 2100?
2, 3, 5, 7
List the prime factors of 69.
3, 23
What are the prime factors of 2105?
5, 421
What are the prime factors of 1279?
1279
List the prime factors of 1154.
2, 577
What are the prime factors of 1186?
2, 593
What are the prime factors of 40244?
2, 10061
What are the prime factors of 240?
2, 3, 5
List the prime factors of 16563.
3, 5521
What are the prime factors of 682?
2, 11, 31
List the prime factors of 82918.
2, 11, 3769
What are the prime factors of 10118?
2, 5059
List the prime factors of 4675.
5, 11, 17
List the prime factors of 607.
607
List the prime factors of 5376.
2, 3, 7
List the prime factors of 84220.
2, 5, 4211
What are the prime factors of 1362?
2, 3, 227
What are the prime factors of 3213?
3, 7, 17
List the prime factors of 601.
601
List the prime factors of 52268.
2, 73, 179
List the prime factors of 67270.
2, 5, 7, 31
List the prime factors of 12403.
79, 157
What are the prime factors of 69896?
2, 8737
What are the prime factors of 79699?
79699
List the prime factors of 81289.
13, 37
What are the prime factors of 756?
2, 3, 7
What are the prime factors of 1002?
2, 3, 167
What are the prime factors of 14861?
7, 11, 193
What are the prime factors of 29390?
2, 5, 2939
List the prime factors of 5200.
2, 5, 13
What are the prime factors of 1687?
7, 241
What are the prime factors of 3095?
5, 619
What are the prime factors of 1166?
2, 11, 53
List the prime factors of 145.
5, 29
What are the prime factors of 50664?
2, 3, 2111
What are the prime factors of 1082?
2, 541
What are the prime factors of 1055?
5, 211
List the prime factors of 2743.
13, 211
What are the prime factors of 23770?
2, 5, 2377
What are the prime factors of 2087?
2087
What are the prime factors of 1365?
3, 5, 7, 13
List the prime factors of 47.
47
What are the prime factors of 132588?
2, 3, 29, 127
What are the prime factors of 322?
2, 7, 23
What are the prime factors of 2548?
2, 7, 13
What are the prime factors of 27433?
7, 3919
What are the prime factors of 19728?
2, 3, 137
What are the prime factors of 2299?
11, 19
What are the prime factors of 19126?
2, 73, 131
What are the prime factors of 38821?
38821
List the prime factors of 46119.
3, 15373
List the prime factors of 53201.
53201
List the prime factors of 86756.
2, 23, 41
List the prime factors of 61.
61
What are the prime factors of 14666?
2, 7333
What are the prime factors of 5952?
2, 3, 31
What are the prime factors of 1408?
2, 11
List the prime factors of 25902.
2, 3, 1439
What are the prime factors of 55193?
97, 569
What are the prime factors of 5774?
2, 2887
What are the prime factors of 614?
2, 307
What are the prime factors of 12706?
2, 6353
List the prime factors of 38875.
5, 311
What are the prime factors of 4122?
2, 3, 229
List the prime factors of 1329.
3, 443
List the prime factors of 682.
2, 11, 31
What are the prime factors of 63577?
63577
What are the prime factors of 3748?
2, 937
List the prime factors of 13310.
2, 5, 11
List the prime factors of 113.
113
List the prime factors of 2815.
5, 563
What are the prime factors of 5667?
3, 1889
List the prime factors of 644.
2, 7, 23
What are the prime factors of 30267?
3, 19, 59
List the prime factors of 4416.
2, 3, 23
What are the prime factors of 855?
3, 5, 19
What are the prime factors of 18644?
2, 59, 79
List the prime factors of 146693.
17, 8629
What are the prime factors of 2104?
2, 263
List the prime factors of 11512.
2, 1439
What are the prime factors of 14910?
2, 3, 5, 7, 71
List the prime factors of 2578.
2, 1289
List the prime factors of 7003.
47, 149
List the prime factors of 30.
2, 3, 5
List the prime factors of 980.
2, 5, 7
List the prime factors of 61122.
2, 3, 61, 167
What are the prime factors of 8934?
2, 3, 1489
List the prime factors of 2749.
2749
What are the prime factors of 17?
17
List the prime factors of 118733.
37, 3209
What are the prime factors of 5279?
5279
List the prime factors of 2227.
17, 131
List the prime f